t x = -29 + 31. Let w = 7 - x. Let k(d) = -11*d + 4*d - w*d**2 + 5*d - 1. What is k(-1)?
-4
Let z(c) = -4 + c**3 + 7470*c**2 - 7470*c**2. Determine z(0).
-4
Let l = 13 + -20. Let a(p) = 11*p - 38. Let x(o) = -2*o + 5. Let m(c) = -a(c) - 6*x(c). Determine m(l).
1
Let b(j) be the third derivative of -j**6/120 + j**5/60 + j**4/12 + j**3/2 - 50*j**2. Determine b(3).
-9
Let t be (-9 - 0) + 48/8. Let w(l) = -l**2 - l - 3. What is w(t)?
-9
Suppose 278*l - 5 = 277*l. Let y(c) be the third derivative of -c**6/720 + c**5/12 + c**4/24 + c**2. Let q(p) be the second derivative of y(p). Calculate q(l).
5
Let j = 126 + -128. Let h(f) = 9*f + 2. Determine h(j).
-16
Let w(b) = 770*b + 8 - 776*b + 2 - b**3 - 8*b**2. Determine w(-7).
3
Let y(n) = -n**2 + 7*n - 3. Let a(d) = -2*d**3 - 4*d**2 - 2*d + 2. Let x be a(-2). Suppose x*w + 6 = 7*w. Give y(w).
3
Let k(u) = 2*u**3 - 4*u + 3. Let z be k(1). Suppose -j + 2 - z = 0. Let w(t) = -24*t**2 + 1. Give w(j).
-23
Let d be (2 - 0)*(-1 + 2). Let u be (12/(-8))/((-6)/8). Let q(w) = -3*w + 0*w**u - w**2 + w**3 + 0*w**2 + 3. What is q(d)?
1
Let c(l) be the third derivative of l**5/60 + l**4/12 + 2*l**3/3 + 152*l**2. Calculate c(5).
39
Let u(q) = -q**2 - q + 1. Let m = 87 + -85. Determine u(m).
-5
Let g(t) = 86*t - 678. Let n be g(8). Let s(y) = 2*y + 10. Let h(m) = 5*m + 19. Let q(u) = -3*h(u) + 7*s(u). Give q(n).
3
Let x(a) = -4*a - 1. Suppose -9 + 1 = -2*c. Suppose 24 = c*o + 4. Suppose 4*n + 1 + 2 = t, 0 = o*n - 5*t - 15. Determine x(n).
7
Let z(h) = 1 + h**3 - h**3 + 6*h + h**3 + 0*h**3 + 8*h**2. Suppose 53 = -12*w - 31. Determine z(w).
8
Let w = 1/51 - -13/204. Let y(h) be the second derivative of 0 + 1/2*h**2 - 11*h - w*h**4 + 1/3*h**3. What is y(-1)?
-2
Let t(y) = 5*y**3 + 40*y**2 + y - 60. Let q(v) = v**3 + 8*v**2 - 12. Let n(k) = 11*q(k) - 2*t(k). What is n(-8)?
4
Let q(m) = m**3 - 8*m**2 + 7*m + 3. Let c = -80 + 83. Let v be 2/c + (1 - 96/(-18)). Calculate q(v).
3
Let y(c) = -55*c - 53 - 46*c + 100*c. Give y(0).
-53
Let x(z) be the first derivative of 14 + 2*z - 1/3*z**3 - 3*z**2. Determine x(-5).
7
Let s(d) = 8 - 31 + d**2 + 5 + 13 - d. Let b = 10 + -14. Give s(b).
15
Let g(b) = -12*b**2 + b. Let p = -19 - -9. Let d(f) = -f**3 - 9*f**2 + 10*f - 1. Let z be d(p). Give g(z).
-13
Let u(d) = -11*d**2 - d + 1. Let p(o) = -2*o**2 + o + 1. Let s(r) = 5*p(r) - u(r). Let i be (-3)/(1 - (-4)/(-16)). Determine s(i).
-4
Let u(x) = x + 4. Suppose -2*i - 5*m = -2*m - 41, -5*m = -i + 1. Suppose -5*t - 41 - 19 = 0. Let q = t + i. Calculate u(q).
8
Let m(s) = 9*s - 42. Let p be (13/(78/(-120)))/(-4). Calculate m(p).
3
Let k(v) = -v**3 - 8*v**2 - 9*v - 5. Let t = -1883 - -1876. Give k(t).
9
Let p(w) = w**3 + 4*w**2 - 4*w - 6. Let g be (80/32)/(1/8). Suppose 10*j - 5*j + g = 0. Give p(j).
10
Let b(t) = 7*t - 1. Let c(y) = -39*y + 11. Let l(h) = 6*b(h) + c(h). Calculate l(-4).
-7
Let j(y) = -y**2 - y + 1. Let q be j(-2). Suppose 27 = 11*i + 5. Let u(m) = 1 + 514*m + 0*m**i + m**2 - 513*m. What is u(q)?
1
Suppose q - 8 = 3*n, n - 2*q = -7*q + 8. Let a(s) = 7*s - 3 - 4 + 5. Calculate a(n).
-16
Let p(t) = t**3 - 5*t**2 + 2*t - 7. Let g = 32 - 35. Let q = 8 + g. Give p(q).
3
Let y be (-10)/(-15) - 56/(-6). Suppose 0 = h - 6*h + y. Let z(j) be the third derivative of j**6/120 - j**5/60 - j**4/12 - j**3/6 - 74*j**2. Determine z(h).
-1
Let y(t) = t**3 - 9*t**2 - 10*t + 1. Suppose 4*i + 12 = 4*a + 40, 0 = -4*i - 3*a. Suppose i*r = z + 39 - 7, 0 = r + 4*z - 2. Give y(r).
1
Let n(g) = -62595 - 6*g - g**2 + 2*g**2 + 62587. Suppose -2*p - 28 = -6*p. Give n(p).
-1
Let u = 8 + -5. Suppose u*g - 20 = -g. Let x(s) be the second derivative of -s**5/20 + 5*s**4/12 - s**3/2 + 5*s**2/2 - 3*s + 660. Calculate x(g).
-10
Let i(u) be the second derivative of u**7/2520 + u**6/720 - u**5/60 - u**4/12 + 8*u. Let z(t) be the third derivative of i(t). Give z(3).
10
Let s(r) = -88*r + 0 + 20*r + 67*r + 5. Let c be (12/(-9))/(1/3). Let m = 1 - c. What is s(m)?
0
Let v(i) = -59*i + 54*i + 0*i**2 - 3*i**2 - 1 + 4*i**2. Let a = -13 + 20. What is v(a)?
13
Let z(p) = p**2 - p + 1. Let k = 17 - 15. Let t(f) = 13*f**2 - 14*f**2 - f**3 + 4*f - 7*f**k - 7. Let g(r) = t(r) + 6*z(r). What is g(-2)?
3
Let a(z) = -z**2 - 4*z - 6. Let i(y) = 2*y + 8. Let c(s) = s**3 - 5*s**2 - 3*s + 9. Let q be c(5). Let v be i(q). Determine a(v).
-6
Suppose -5*m + 8 = -b, 0*m + 5*b - 12 = -m. Suppose 2*j = 3*j - m. Suppose 4 = -4*q + q - d, -j = 3*q + 2*d. Let g(p) = 2*p**3 + 2*p**2 + 2*p + 1. Give g(q).
-11
Suppose -37 - 5 = -6*g. Let l(o) = -g*o + o**2 + 5 + 3 - 8 + 5. Suppose 25 = 4*u + u + 2*f, 0 = 5*f + 25. Determine l(u).
5
Let s(h) = 3 + 0 - h + 4*h. Let n be -1 + (-2)/((-8)/(-4)). Let b be (n/(-10) - 1)/((-2)/(-10)). Give s(b).
-9
Let g(s) be the first derivative of s**3/3 - 5*s**2/2 + 4*s + 8. Suppose h + 15 = 28. Let k(z) = z - 7. Let a be k(h). What is g(a)?
10
Let b be (-6 + 7)*(-1 - 34). Let s = -39 - b. Let l(x) = 77*x**2 + 10*x - 2*x - 76*x**2 + 1. Give l(s).
-15
Let n(o) = -6*o + 27. Let b(w) = w - 6. Let z(m) = -5*b(m) - n(m). What is z(17)?
20
Let w(x) = x**3 + 6*x**2 - 6. Let f = -1394 - -1389. Determine w(f).
19
Let m(l) be the second derivative of -l**5/20 + 7*l**4/12 - l**3/6 + 9*l**2/2 - 122*l. Determine m(7).
2
Let d be 1*(3 - 4)*-2. Let t(m) = 115*m + 7 - d*m**3 + m**3 - 116*m. Determine t(0).
7
Suppose h - 5 = -2. Suppose h = 2*b + 7. Let l be 40/56 + b/(-7). Let v(u) = -2*u**2 - u + 1. Determine v(l).
-2
Let i = -33 - -35. Suppose -w = -0 - 11. Let p(t) = -9 - i*t + w - 9. Calculate p(-5).
3
Let f(t) = 2*t**2 - 2*t + 1. Let j be 6/2 - 0 - -19. Suppose j = 2*x + 18. Calculate f(x).
5
Let q = -100 - -103. Suppose -q*d - 16 = 5*d. Let x(y) = -2*y. Calculate x(d).
4
Let k(t) = -5*t**2 + 8. Let h(r) = r**2 - 2. Let v(f) = 20*h(f) + 5*k(f). Give v(-1).
-5
Let n(j) = -13*j - 1. Let r = 134 + -132. Give n(r).
-27
Let q(u) be the second derivative of -1/6*u**3 + 13/2*u**2 - 4*u + 0. Give q(7).
6
Suppose -5*u - 3 = 152. Let c = u + 37. Let p(i) = i**3 - 1. Let v(o) = -5*o**3 - 6*o**2 - 2*o + 10. Let f(w) = -6*p(w) - v(w). Give f(c).
8
Let i(g) = -9*g**3 + 12*g**2 - 8*g - 1. Let h(n) = -4*n**3 + 6*n**2 - 4*n - 1. Let f = -19 - -12. Let d(y) = f*h(y) + 3*i(y). Determine d(5).
-1
Let h(f) = 5*f - 1. Suppose 0 = -12*b + 23*b - 33. Determine h(b).
14
Let w(v) be the second derivative of 5*v**4/12 + v**3/6 + v**2/2 + 3*v + 4. Suppose j = -j + 2, 3*j - 4 = s. Calculate w(s).
5
Let f(x) be the second derivative of x**7/840 + x**6/90 - x**5/60 - x**4/8 - 11*x**3/6 + 2*x. Let l(i) be the second derivative of f(i). Give l(-3).
12
Let x be 17/5 + (-14)/35. Let u be ((-9)/(-1))/x*1. Let y(v) = -v**3 - v**2 - 10*v - 3. Let q(n) = -n**3 - 9*n - 2. Let g(w) = -6*q(w) + 5*y(w). Give g(u).
-9
Let u = -387 - -388. Let r(p) = -2*p - 2*p - 5*p. Determine r(u).
-9
Let k be -4 + 0*(-1)/3. Let f be (-10)/k*6/3. Suppose -3 = 4*b + f. Let j(x) = -2*x**3 - 2*x**2 + 2*x + 2. What is j(b)?
6
Let q(b) = -3*b**2 + 4*b + 4. Let p be q(-1). Let c(j) be the second derivative of -j**4/12 - j**3/3 + j**2 + 2*j. Determine c(p).
-1
Suppose -y + 30 = 4*y. Let a(f) = 5*f**2. Let u be a(-1). Let i(t) = -u*t**2 - y*t**2 - 2 + t**3 + 6*t + 5*t**2 - t**2. Give i(6).
-2
Suppose -b = -3*a + 4, -5*a + a = -5*b + 13. Let m be 2/(-4)*16/(-4). Let y(o) = 4*o + 3*o**m - 7*o**2 + 3*o**2. What is y(b)?
-5
Let i be (1 - -2) + -5 + 0. Let x(v) = -2*v**2. Determine x(i).
-8
Let s(l) be the first derivative of 9*l - 3/2*l**2 + 6. What is s(7)?
-12
Let z be 2 - (-2 - -4 - -7). Let w(m) = 2162 + 10*m - 2153 - 8*m. Give w(z).
-5
Let h(g) be the first derivative of -2*g**2 - g - 200. Determine h(-2).
7
Let z(w) = 3*w**3 - 19 - 46 + 15. Let l(n) = -2*n**3 + 33. Let d(i) = -8*l(i) - 5*z(i). Let c be 1/(-6) - (-26)/156. Calculate d(c).
-14
Let x(f) = f**2 - 3*f + 4. Suppose -5*k = m + 8, 3*m + 4*k + 8 = -5. Give x(m).
22
Let q(f) be the third derivative of -f**6/120 + f**5/20 + f**4/12 + 2*f**3/3 + 3*f**2. Suppose 5 = -5*u - 4*n, -3*u + 3*n = -5*u - 9. Give q(u).
10
Let u(r) = -r**2 + 6*r - 4. Let t be u(3). Let k(j) be the second derivative of j**3/6 - 5*j**2/2 + 8*j. Give k(t).
0
Let b(x) = 121*x - 122 + x**2 + 126 - 117*x. Let c(y) = -y + 1. Let i be c(4). What is b(i)?
1
Suppose -68*p - 53 - 83 = 0. Let s(k) = 0*k + 0*k**3 - 2